hest common factor of s and k.
7
Let h be 12115/(-40) + (-1)/8. Suppose 0 = 4*i - 4*w + 448, -i + 11*w - 104 = 8*w. Let y = i - h. What is the highest common factor of 17 and y?
17
Let y be 7/(35/14830) - 8/(-2). Suppose s + y = 19*s. Calculate the highest common divisor of s and 66.
33
Suppose 129780 = 1010*z - 996*z. What is the greatest common divisor of z and 270?
90
Suppose -22*a = 8958 - 156886. What is the greatest common factor of 205 and a?
41
Suppose -961 = -4*n - 5*j - 467, n + 4*j - 118 = 0. Calculate the greatest common factor of n and 602.
14
Let t(a) = -7*a**2 + 25*a - 4. Let c be t(6). Let i = c + 135. What is the highest common factor of 551 and i?
29
Let v be (48/(-10))/(1/(-15)). Let o(y) = y**3 + 8*y**2 - 39*y - 99. Let i be o(-13). Let d = -429 - i. What is the greatest common divisor of v and d?
8
Let f(n) = n**3 + n**2 - 3*n - 10. Let s be f(4). Let o = 5 - -14. Let i = s - o. Calculate the greatest common divisor of 26 and i.
13
Suppose -3*h - 15 = -j, j = -4*h + 24 - 2. Calculate the greatest common divisor of 1035 and j.
9
Let c(n) = -106*n - 6438. Let d be c(-61). What is the highest common divisor of 75908 and d?
28
Let i(v) = v**2 + 70*v - 366. Let c be i(6). What is the highest common divisor of c and 222?
6
Suppose 0 = 76*k - 7593 - 83607. What is the greatest common divisor of 210 and k?
30
Suppose 5*c + 2*y = -357, 9*c - 4*c - 4*y + 381 = 0. Let s = 68 + c. Let f be 6*s/2*2/(-3). Calculate the highest common divisor of f and 130.
10
Let j(t) = 3*t**2 - 3*t + 3. Let o be j(-1). Calculate the highest common divisor of 42633 and o.
9
Let r be (-2)/2*(28 + (-82 - 21)). Calculate the highest common divisor of 9195 and r.
15
Let o be 4/(-2) - 9/(-3). Suppose 0 = 56*r - 65*r + 72. Let c(y) = y**3 - 7*y**2 - 3*y - 32. Let g be c(r). Calculate the highest common factor of g and o.
1
Suppose -5*b = u - 0*u - 512, b - 94 = 4*u. Suppose -343 - 383 = -121*d. What is the greatest common divisor of d and b?
6
Suppose -5*w + 5*z = -465, 2*w + 348 = 6*w + 4*z. Suppose 2*m = 50 + w. What is the highest common divisor of 10 and m?
10
Let b be 3/12 + 558/8. Suppose 58*k - 65*k = -658. Suppose -4*q - 84 = -4*v, 4*v + 4*q - k = -18. Calculate the greatest common factor of v and b.
10
Let h be 1*(1 - 0)*38. Suppose -4*b = 12*b - 3152. Let t = 69 + b. Calculate the highest common factor of t and h.
38
Suppose 4*a + 731 = 2731. Let o(y) = -2*y**3 - 3*y + 40. Let i be o(0). What is the greatest common factor of i and a?
20
Suppose -3*u = -5 + 689. Let z = 243 + u. Calculate the greatest common factor of z and 75.
15
Let t be (5 - (-76)/16)/((-2)/((-1120)/21)). Calculate the highest common divisor of 1235 and t.
65
Suppose 493*s = 488*s + 450. What is the greatest common divisor of 19440 and s?
90
Let o be 56*(((-130)/120 - (-10)/(-15)) + 4). What is the greatest common divisor of o and 777?
21
Suppose 4*o - 14 = 18. Let v(a) = -a**2 + 7*a + 60. Let c be v(-6). Let z be 213/18 + (-3)/c. Calculate the greatest common divisor of z and o.
4
Suppose s = -d, -5*s + 3 = -2*d + 10. Let b be 176/22 - (-2)/s. What is the greatest common divisor of b and 456?
6
Let f(q) = 21*q**2 - q + 2. Let u be (-20)/(-5) - (-36)/(-3). Let p be 3 + 12/u - 1/2. Let b be f(p). Calculate the greatest common factor of 44 and b.
22
Let y = 3106 - 2818. What is the highest common factor of 27 and y?
9
Suppose -5 = -5*a, 2*h - 6*h - 2*a = -98. Let c be 13/(364/h)*42/3. What is the greatest common divisor of c and 20?
4
Let b be ((-220)/77)/(78/(-44499)). What is the greatest common divisor of 520 and b?
10
Suppose -17 = -5*x + 4*a, -2*x - 19*a - 4 = -17*a. Let c be ((-10)/x)/(20/(-40)). What is the highest common factor of 60 and c?
20
Suppose -47*l - 1650 - 135935 = -788347. Calculate the greatest common factor of 129 and l.
43
Let z = 66 + -61. Suppose 0 = 2*y - z*t - 29, 5*y + 2*t = 8*y - 38. Calculate the greatest common divisor of y and 156.
12
Let k = -26533 - -32069. Calculate the greatest common factor of k and 32.
32
Let c = 12257 + -9037. What is the greatest common factor of 10 and c?
10
Let u be (-1169)/(-2) - (-2)/(-4). Suppose 104*h + 98*h + 199 = 229*h - 1772. Calculate the highest common factor of u and h.
73
Let t be (-1 - -10) + -40 + 35. Suppose 0 = t*x - 27 - 53. Let f be (-1)/(4/12) - -223. What is the greatest common factor of x and f?
20
Let y = -266 + 508. Suppose 2*i = -m + 20, 4*m - 7 = -3*i + 18. What is the greatest common divisor of i and y?
11
Let w be (-33)/(-11) - ((-3)/1)/3. Suppose -o - 105 = -w*i + 115, -4*i + 5*o + 220 = 0. Calculate the highest common factor of i and 275.
55
Let m = 11 + 7. Suppose 0 = -5*n - 3*o + 5, 2*o - m = 3*n - 2. Let d be ((-3)/n)/(54/1980). What is the highest common factor of d and 5?
5
Suppose -52*w + 4*l = -49*w - 3048, 2*l + 3060 = 3*w. What is the greatest common divisor of 224 and w?
32
Let o be 4 + 344/(-84) - (-412832)/588. Calculate the greatest common divisor of 108 and o.
54
Let p(o) = 90*o**2 - 447*o - 5. Let q be p(5). Let z = -354 - -524. Calculate the highest common factor of q and z.
10
Suppose -u + 2 = 0, 880*u = -6*t + 879*u + 218. Calculate the greatest common factor of t and 25956.
36
Let r = -41372 - -91280. What is the greatest common divisor of 12 and r?
12
Suppose -l - 413 = -3*i, 2*l - 2048 = 7*l + 2*i. Let r = 470 + l. Calculate the highest common factor of r and 45.
15
Let c(x) = 2*x**2 - 2*x - 3. Let z be c(-1). Let d = 1445 - 1437. What is the highest common factor of z and d?
1
Suppose -7616 + 30535 = 2*q - t, -57320 = -5*q - 5*t. What is the highest common factor of 146 and q?
73
Let d = 110 + -196. Let c = 47 - d. What is the greatest common divisor of 38 and c?
19
Let h(l) = 4*l**3 - 10*l**2 + 10*l - 15. Let a be h(6). Let q = a - 101. Calculate the greatest common divisor of 28 and q.
28
Let g(c) = c**3 + 69*c**2 - 106*c - 2420. Let m be g(-70). Let r be (-3)/((-6)/46) + 2. Calculate the highest common divisor of r and m.
25
Let c(v) = 90*v - 8488. Let p be c(97). What is the greatest common factor of 220 and p?
22
Let c be -7 - ((-3)/(-6))/(1/10). Let x = 23 + c. Calculate the highest common divisor of 77 and x.
11
Suppose 3*d - 400 = -3*f + 1364, 0 = 3*f - 5*d - 1748. Suppose 2*a + f - 1567 = 5*g, -2*a - 2*g = -988. Calculate the greatest common divisor of a and 17.
17
Suppose -4*d = 75 - 95. Let k(l) = -19*l - 13. Let y be k(d). Let b be y*(3 - 7/2). What is the greatest common factor of 27 and b?
27
Suppose 0 = 4*v - q - 306, 91 = -4*v - 4*q + 367. Calculate the highest common factor of 1545 and v.
15
Let z = 8763 + -447. Calculate the highest common divisor of 264 and z.
132
Suppose -6*r = 8*r - 224. Suppose -5*x - 50 = -8*u + 5*u, 2*u = -x + r. Calculate the greatest common divisor of 120 and u.
10
Let j be (1/(-2))/((-12)/(-72)) + 12. Suppose 474 = j*f - 921. Suppose -f = -m + 73. What is the highest common factor of m and 12?
12
Suppose -7*c + 39 = -10. Let w be (3 + -24 + c)/(-1). Let j = 289 - 65. Calculate the greatest common factor of j and w.
14
Let t(i) be the second derivative of 17*i**3/6 - 91*i**2 + i + 12. Let p be t(11). Let h be (-38)/(-1) + 1 + 1. Calculate the highest common factor of p and h.
5
Let u(o) = o**3 - 5*o**2 - 6*o + 25. Let m be u(6). Suppose 19*n = -m*n + 1716. What is the highest common divisor of 39 and n?
39
Let p be ((-5)/(25/2660))/((-4)/6). Let y be (-39)/52 - p/(-8). What is the greatest common factor of y and 18?
9
Suppose 6*j - 5185 = -r + 11*j, 4*r = 4*j + 20708. Calculate the greatest common divisor of 18 and r.
9
Let m be 44/(-3 + 69/21). Suppose -5*w = 7*w - 168. Calculate the greatest common divisor of m and w.
14
Suppose 25*v - 14*v = 253. Suppose -v*d + 113 = -1635. Calculate the highest common factor of 228 and d.
76
Suppose 8*b + 2*b + 240 = 0. Let w = 32 + b. Let v(h) = h**3 - 6*h**2 - 6*h + 1. Let i be v(7). What is the greatest common divisor of i and w?
8
Suppose 3*f = -15, 5*h + 2025 = 73*f - 77*f. Let j = h + 420. Calculate the highest common divisor of j and 1672.
19
Suppose 2*o + 2 - 226 = 0. Let y be -3*5*90/(-150). Suppose -5*l = 3*z - z - 86, -y*l + 141 = -z. Calculate the highest common divisor of l and o.
16
Suppose 129*a - 124*a + 1440 = 5*h, 876 = 3*h - 5*a. Calculate the highest common divisor of 188 